prime factors of a.
509
Suppose 39*n - 428*n + 6015496 = 0. What are the prime factors of n?
2, 1933
Suppose 236 = 5*o + 5*v - 29, -v = -4. Let k be (-2)/(1*(-3)/6). Suppose 3*z = k*z - o. List the prime factors of z.
7
Suppose 0 = 18*v + 14 - 86. Suppose v*s = 3*f - 610, 5*f - 735 = s + 259. What are the prime factors of f?
2, 3, 11
Let a = -277 - -290. Suppose a*y + 2516 = 11109. What are the prime factors of y?
661
Let z = 393 - 269. Let m = 60 + z. What are the prime factors of m?
2, 23
Let z be (-2)/(-6)*-1 - 2296/6. Let o = z + 1855. List the prime factors of o.
2, 23
Let u(g) = -2*g**2 - 11*g + 5. Let o be u(-6). What are the prime factors of o + (153 + -4 - 1)?
3, 7
Suppose -10*v + 9*v + 9 = 0. What are the prime factors of 10 - (-2*v/6)/(-1)?
7
Let q be (2 + -1)/(3/495). Suppose f = -q - 883. List the prime factors of (2 - 1)/((-8)/f).
131
Suppose -l + 18 = -2*q + 5*q, -5*l = -q + 6. Let o be (3/(-5))/(q/(-30)). Suppose -49 = -o*w + 17. List the prime factors of w.
2, 11
What are the prime factors of (-14123 + 1)*((-75)/18 - 584/(-219))?
3, 23, 307
Suppose -2*k = 611*d - 616*d + 151352, -121104 = -4*d - 4*k. List the prime factors of d.
2, 11, 43
Let s be (-5 + 5)/(-1*2). Suppose 4*y - 11 = -x, -x + 10*y + 11 = 9*y. Let m = s + x. List the prime factors of m.
11
Let n = -460 - -40. Let b = 717 + n. Let w = -169 + b. What are the prime factors of w?
2
Let h(l) = 4*l**3 - 30*l**2 + 201*l - 52. List the prime factors of h(17).
14347
Suppose 0*k - c = -3*k + 1589, 4*c = -5*k + 2620. Suppose 8*m = 6*m + k. List the prime factors of m.
2, 3, 11
Suppose -i - 817 = p - 2072, 3*p + 2*i - 3763 = 0. List the prime factors of p.
7, 179
Let r(v) = -348*v + 1745. What are the prime factors of r(-13)?
6269
List the prime factors of 15/((-270)/(-4)) - (-227030)/18.
12613
Let h(s) = s**2 + 9*s + 4. Let y be h(-9). Suppose 2*l - y*g - 665 = -183, 4*g = -4*l + 916. Suppose -3*o - 41 = -l. List the prime factors of o.
2
What are the prime factors of ((-24)/(-28) - (10549/(-98) - -5))*218?
3, 23, 109
Let s = 1620 - 3389. Let p = -1010 - s. List the prime factors of p.
3, 11, 23
Suppose 15*c - 12 = 11*c. Suppose -5*j + 4 = -16, c*q + 2*j - 14 = 0. Suppose 9*m = q*m + 490. What are the prime factors of m?
2, 5, 7
List the prime factors of (-22)/(-264)*8*24837.
2, 17, 487
What are the prime factors of (-156)/1716 - (-5)/(165/1061184)?
3, 397
Let n(k) = 7*k**2 + 26*k - 4. Let r = 674 - 685. List the prime factors of n(r).
557
Let s = 706 + -7846. What are the prime factors of (4/10)/((-17)/s)?
2, 3, 7
Let j(l) = -2*l - 2. Let x(y) = 129*y + 222. Let b(k) = 5*j(k) - x(k). What are the prime factors of b(-10)?
2, 3, 193
Suppose -164*q - 646555 = 196*q - 425*q. List the prime factors of q.
7, 29
Let n(d) = 873*d**2 + 19*d + 3. List the prime factors of n(-2).
3457
Suppose 52 + 46 = v. Let p = 107 + -172. Let y = v + p. List the prime factors of y.
3, 11
Let c(h) = 30*h**2 - 7*h - 27. Let k be c(-7). What are the prime factors of k/(-6)*39/(-13)?
2, 373
Let p(w) = -5*w - 7. Let r = 36 + -53. Let q be p(r). Suppose -2*m - 2*b + 178 = -b, 0 = m - 5*b - q. What are the prime factors of m?
2, 11
Suppose 3931740 = -451*v + 10596820 + 4126899. List the prime factors of v.
23929
Suppose 4*n - 789 = -241 + 6144. List the prime factors of n.
7, 239
Let y(a) = -161*a + 53. Let q(p) = -320*p + 104. Let c(f) = -6*q(f) + 11*y(f). List the prime factors of c(7).
2, 3, 167
Let w(k) = 24670*k**2 + 11*k + 18. What are the prime factors of w(-1)?
24677
Let z(d) = -d**3 - 16*d**2 + 20*d - 5. Let j be z(-17). What are the prime factors of (37/(1/1))/((-28)/j)?
2, 37
Let q = -13 - -19. Suppose -5900 = -q*n + 262. What are the prime factors of n?
13, 79
Let i(n) = n**3 - 6*n**2 + 4*n + 7. Let g be i(5). Suppose h + c = 4 + 1, -g*c = -2. Suppose p = h*p - 30. List the prime factors of p.
2, 5
Suppose 265 = 3*w - 143. Let i = 198 - w. Let f = 96 - i. What are the prime factors of f?
2, 17
Suppose 3*l - 60 = -2*l. Suppose 400 = 7*w - l*w. Let c = -13 - w. List the prime factors of c.
67
Let t(a) = -8*a + 132. Let c be t(15). List the prime factors of (c/(-5) - -2)/((-6)/3495).
233
Let d(p) = p**3 - 5*p**2 + 14*p - 9. Suppose 11*h + 2*o = 8*h + 19, -3*o = -3*h + 9. Let y be d(h). Let v = 85 + y. List the prime factors of v.
2, 73
Let l(f) = -2*f - 4. Let h be l(-5). Let d be 0*3/h - (-18)/(-3). What are the prime factors of (-162)/4*(0 - (-8)/d)?
2, 3
Let a(v) = v**3 - 10*v**2 - 23*v - 7. Let z be a(12). Suppose 3*x - 703 = x - z*w, -5*x - 4*w = -1749. List the prime factors of x.
349
Let a(n) = 175*n**2 - 238*n - 24. What are the prime factors of a(-9)?
3, 5431
Let m(q) = 9*q + 41. Let v be m(-10). Let z(h) = h**2 - 6*h - 4. Let k be z(3). Let n = k - v. What are the prime factors of n?
2, 3
Let u be (235 + 1 + 1)/1 + -2. Let n = 136 + u. List the prime factors of n.
7, 53
Suppose 0 = 3*g + g - 16. Suppose -5*l = 5*r - 95, 0 = g*r + r - 2*l - 130. List the prime factors of -4 - (-18*r)/4.
2, 13
Let r(p) = 7*p**2 + 10 - 11*p**2 + p**3 - 7*p**2 + p**2 + 5*p. Let d be r(7). Let z = d + 260. What are the prime factors of z?
2, 79
Let q be (4/10)/((-16)/560). List the prime factors of (4809/q)/(3/(-2)).
229
Suppose -414 - 132 = 2*h. Let m = 1367 + h. What are the prime factors of m?
2, 547
Suppose -57*g + 37*g - 86*g + 1733312 = 0. What are the prime factors of g?
2, 7, 73
Let g(k) = -k. Let m(a) = -2*a + 29. Let n(v) = 3*g(v) + m(v). Let w(q) = 9*q - 57. Let j(u) = -11*n(u) - 6*w(u). List the prime factors of j(-8).
3, 5
Let w be 11/(44/(-24)) + -2. Let d be ((-49)/28)/(1 - (-9)/w). What are the prime factors of (d/4)/((-9)/(-306))?
7, 17
Suppose 2*b = 3*k - 598, b - 495 = -5*k + 519. Let z be (4 + -4 - 2) + 184. Suppose k + z = 4*h. List the prime factors of h.
2, 3
Suppose 5*l - 45 = -5*i, -4*i - 10 = -6*i. Let m(x) = -x**2 + 4*x. Let o be m(l). Suppose o = 4*w - 15 + 3. What are the prime factors of w?
3
Let k(f) = -8*f**2 - 194*f + 47. List the prime factors of k(-22).
443
Let k = -5539 - -3899. Let a = -887 - k. What are the prime factors of a?
3, 251
Let g(y) = 205 - 366 - 100*y + 192. List the prime factors of g(-11).
3, 13, 29
Let m be (-4)/(-3)*((-9)/(-2) - 3). Let y(f) = 24*f**2 + 20*f**m - 72*f**2 + 27*f**2 - 39 - 26*f. List the prime factors of y(-21).
2, 3, 11
Let c(x) = -x**3 - 5*x**2 + 13*x - 7. Let i be c(-7). Suppose -4*w + 24*w - 14560 = i. List the prime factors of w.
2, 7, 13
Let i(j) = -2*j - 2. Let n be i(-2). Let x be ((-668)/(-10))/(1/5). Suppose -5*f + 3*f + x = 4*r, -n*r = -3*f - 163. What are the prime factors of r?
83
Let x = 2791 + 2407. What are the prime factors of x?
2, 23, 113
Suppose -5*q - 49*q - 8*q = 0. Suppose -10*n + 15893 - 3563 = q. What are the prime factors of n?
3, 137
Let r be (-20 + (3 - 1))*(-4)/12. Suppose 177 - 51 = r*b. List the prime factors of b.
3, 7
Let p be (1 + -1)/(-21 - -24). Suppose p*v - 4*v = -88. Let o = v - 13. List the prime factors of o.
3
Suppose -3351*s + 3376*s - 184125 = 0. What are the prime factors of s?
3, 5, 491
Let u(q) = q**3 + 13*q**2 + 15*q - 5. Let o be u(-13). Let y = o - -215. List the prime factors of y.
3, 5
Let g = -2384 - -7358. What are the prime factors of g?
2, 3, 829
Suppose 0 = -3163*k + 3168*k - 26745. List the prime factors of k.
3, 1783
Suppose 59 = -4*p - 1. Let x = p + 536. List the prime factors of x.
521
Suppose -5*a = 2*k - 113, -2*a + 14 + 33 = -k. Suppose a*f = 16*f + 1190. List the prime factors of f.
2, 5, 17
Suppose 0*z = 3*z + 4*z. Suppose 29*l + 442 = 31*l + 2*n, -4*l - 3*n + 888 = z. What are the prime factors of l?
3, 5
Suppose -14*t + 12*t - 5*k + 2254 = 0, -3372 = -3*t - 3*k. What are the prime factors of t?
2, 3, 11, 17
Let s(c) = -c**3 + 13*c**2 - 2*c + 3. Let k be s(13). Let h = k - -26. What are the prime factors of (0 - -4 - h)*(-1 + 51)?
2, 5
Suppose 3*k = -2*g + 1 - 3, -3*g = -4*k - 31. Let b be 1 + 12/(-8) - 2398/k. Suppose 2*i = f + i - 141, -b = -4*f - 3*i. List the prime factors of f.
2, 73
Suppose 5*f - 20 = -2*l, 3*f + 4 = 2*l + 4*f. Suppose -5*v - 4*s + 1578 = l, -2*v = -3*v + s + 312. List the prime factors of v.
2, 157
Let b = -7 + 8. What are the prime factors of 405/6*(b + 3)?
2, 3, 5
Let m = -29828 - -60281. What are the prime factors of m?
3, 10151
Suppose -4*o